{"id":271,"date":"2023-11-12T21:58:13","date_gmt":"2023-11-12T21:58:13","guid":{"rendered":"https:\/\/christianeseebach.magisterwigbold.de\/?page_id=271"},"modified":"2024-11-24T17:23:49","modified_gmt":"2024-11-24T17:23:49","slug":"elsa","status":"publish","type":"page","link":"https:\/\/christiane-seebach.de\/?page_id=271","title":{"rendered":"Der Fluch der Elsa Hubner"},"content":{"rendered":"\n<p class=\"has-black-color has-text-color has-link-color wp-elements-c3d3f4efb0813fc7ae9e3678ece17148\">Elsa Hubner lebt als halbfreie B\u00e4uerin ein bescheidenes und hartes Leben im mittelalterlichen Meiningen. Die Musik und der Tanz helfen ihr, die schwere Arbeit auf dem Feld zu bew\u00e4ltigen. Sie verliebt sich in einen fahrenden Spilm\u00e1n, Oswald. Doch der reiche und alte Hofmusiker Albrecht h\u00e4lt um ihre Hand an. Als sie mit Oswald fliehen m\u00f6chte, erscheint Albrecht. Bevor er den Schierlingsbecher trinkt, st\u00f6\u00dft er einen furchtbaren Fluch aus. <\/p>\n\n\n\n<p class=\"has-black-color has-text-color has-link-color wp-elements-c6a52d71c3e4167fdc279313b5e500a1\">Fortan muss Elsa in anderen K\u00f6rpern und anderen Zeiten die letzten Stunden der Gef\u00e4hrtinnen der genialsten Komponisten erleben. So reist sie durch die Jahrhunderte und trifft Gesualdo, Bach und Beethoven, die bedeutendsten Vertreter der Musikepochen Renaissance, Barock und Wiener Klassik.<\/p>\n\n\n\n<p class=\"has-black-color has-text-color has-link-color wp-elements-9c9121b03b9016d52a23e3003c0f635b\">Ein abwechslungsreiches, sehr lehrreiches und abenteuerliches Ein-Frau-Theaterst\u00fcck mit viel handgemachter Musik aus den jeweiligen Musikepochen. <\/p>\n\n\n\n<p class=\"has-black-color has-text-color has-link-color wp-elements-1b7530812a421868a15b2c4c06d5f9a4\">Instrumente: z. B. Looper, Dudelsack, Gemshorn, Schalmei, Laute, Orgel, Klavier, klassischer Gesang, Satzgesang<\/p>\n\n\n<div class=\"wp-block-image is-style-default\">\n<figure class=\"aligncenter size-full\"><img loading=\"lazy\" decoding=\"async\" width=\"720\" height=\"480\" src=\"https:\/\/christiane-seebach.de\/wp-content\/uploads\/2024\/02\/Mittelalter2.jpg\" alt=\"\" class=\"wp-image-597\" srcset=\"https:\/\/christiane-seebach.de\/wp-content\/uploads\/2024\/02\/Mittelalter2.jpg 720w, https:\/\/christiane-seebach.de\/wp-content\/uploads\/2024\/02\/Mittelalter2-300x200.jpg 300w\" sizes=\"auto, (max-width: 720px) 100vw, 720px\" \/><\/figure>\n<\/div>\n\n\n<p><br><\/p>\n\n\n<div class=\"wp-block-image\">\n<figure class=\"aligncenter size-large\"><img loading=\"lazy\" decoding=\"async\" width=\"1024\" height=\"570\" src=\"https:\/\/christiane-seebach.de\/wp-content\/uploads\/2024\/11\/WhatsApp-Image-2024-11-24-at-17.14.17-1024x570.jpeg\" alt=\"Christiane spielt im Mittelalterkost\u00fcm Schalmei.\" class=\"wp-image-641\" srcset=\"https:\/\/christiane-seebach.de\/wp-content\/uploads\/2024\/11\/WhatsApp-Image-2024-11-24-at-17.14.17-1024x570.jpeg 1024w, https:\/\/christiane-seebach.de\/wp-content\/uploads\/2024\/11\/WhatsApp-Image-2024-11-24-at-17.14.17-300x167.jpeg 300w, https:\/\/christiane-seebach.de\/wp-content\/uploads\/2024\/11\/WhatsApp-Image-2024-11-24-at-17.14.17-768x427.jpeg 768w, https:\/\/christiane-seebach.de\/wp-content\/uploads\/2024\/11\/WhatsApp-Image-2024-11-24-at-17.14.17.jpeg 1125w\" sizes=\"auto, (max-width: 1024px) 100vw, 1024px\" \/><\/figure>\n<\/div>","protected":false},"excerpt":{"rendered":"<p>Elsa Hubner lebt als halbfreie B\u00e4uerin ein bescheidenes und hartes Leben im mittelalterlichen Meiningen. Die Musik und der Tanz helfen ihr, die schwere Arbeit auf dem Feld zu bew\u00e4ltigen. Sie verliebt sich in einen fahrenden Spilm\u00e1n, Oswald. Doch der reiche und alte Hofmusiker Albrecht h\u00e4lt um ihre Hand an. Als sie mit Oswald fliehen m\u00f6chte,&hellip; <br \/> <a class=\"read-more\" href=\"https:\/\/christiane-seebach.de\/?page_id=271\">Weiterlesen<\/a><\/p>\n","protected":false},"author":1,"featured_media":43,"parent":192,"menu_order":0,"comment_status":"closed","ping_status":"closed","template":"","meta":{"footnotes":""},"class_list":["post-271","page","type-page","status-publish","has-post-thumbnail","hentry"],"_links":{"self":[{"href":"https:\/\/christiane-seebach.de\/index.php?rest_route=\/wp\/v2\/pages\/271","targetHints":{"allow":["GET"]}}],"collection":[{"href":"https:\/\/christiane-seebach.de\/index.php?rest_route=\/wp\/v2\/pages"}],"about":[{"href":"https:\/\/christiane-seebach.de\/index.php?rest_route=\/wp\/v2\/types\/page"}],"author":[{"embeddable":true,"href":"https:\/\/christiane-seebach.de\/index.php?rest_route=\/wp\/v2\/users\/1"}],"replies":[{"embeddable":true,"href":"https:\/\/christiane-seebach.de\/index.php?rest_route=%2Fwp%2Fv2%2Fcomments&post=271"}],"version-history":[{"count":5,"href":"https:\/\/christiane-seebach.de\/index.php?rest_route=\/wp\/v2\/pages\/271\/revisions"}],"predecessor-version":[{"id":671,"href":"https:\/\/christiane-seebach.de\/index.php?rest_route=\/wp\/v2\/pages\/271\/revisions\/671"}],"up":[{"embeddable":true,"href":"https:\/\/christiane-seebach.de\/index.php?rest_route=\/wp\/v2\/pages\/192"}],"wp:featuredmedia":[{"embeddable":true,"href":"https:\/\/christiane-seebach.de\/index.php?rest_route=\/wp\/v2\/media\/43"}],"wp:attachment":[{"href":"https:\/\/christiane-seebach.de\/index.php?rest_route=%2Fwp%2Fv2%2Fmedia&parent=271"}],"curies":[{"name":"wp","href":"https:\/\/api.w.org\/{rel}","templated":true}]}}