{"id":124,"date":"2023-11-12T17:05:01","date_gmt":"2023-11-12T17:05:01","guid":{"rendered":"https:\/\/christianeseebach.magisterwigbold.de\/?page_id=124"},"modified":"2023-11-23T20:49:05","modified_gmt":"2023-11-23T20:49:05","slug":"an-bothar","status":"publish","type":"page","link":"https:\/\/christiane-seebach.de\/?page_id=124","title":{"rendered":"an both\u00e1r"},"content":{"rendered":"<p><span style=\"color: #000080;\">Als ich vor einigen Jahren einen Gastauftritt im &#8222;Katze und Commander&#8220; in Hamburg mit dem Saxophon hatte, sprach mich die Besitzerin an, ob ich eine Irish Folk-Band kennen w\u00fcrde f\u00fcr den St. Patricks-Day. Da dachte ich mir, gr\u00fcnden wir doch selbst eine. In Irland habe ich Bodhran und LowWhistle geschenkt bekommen. In Dingle, meinem &#8222;Seelenort&#8220; habe ich wirklich sehr gute Freunde, die mir die irische Musik beigebracht haben. So gr\u00fcndete ich mit Stoni die Band: &#8222;an bothar&#8220; &#8211; das ist G\u00e4lisch und hei\u00dft &#8222;Der Weg&#8220;. Unsere Stammbesetzung ist:<\/span><\/p>\n<p><span style=\"color: #000080;\">Andreas Steinhard (Gitarre, Irish Bouzouki, Stamp Box, Gesang)<\/span><\/p>\n<p><span style=\"color: #000080;\">Christiane Seebach (Gesang, LowWhistle, TinWhistle, Dudelsach, Bodhran)<\/span><\/p>\n<p><span style=\"color: #000080;\">Wir haben einige wunderbare GastmusikerInnen mit im Boot: Reinhardt Simmgen (Fiddle, Gesang, Bodhran), Siglinde Koch-Sembdner(Harfe, Gesang), Wolfgang Holz (Gitarre, Gesang). Fr\u00fchere MitmusikerInnen waren Stefan Dierbach (Gesang, Bodhran), Malte Tagtr\u00e4umer (Gesang, Gitarre) und Kantina Kasino (Gesang, Percussion).<\/span><\/p>\n\n\n<figure class=\"wp-block-video\"><\/figure>\n\n\n\n<figure class=\"wp-block-video\"><\/figure>\n\n\n\n<figure class=\"wp-block-gallery has-nested-images columns-default is-cropped wp-block-gallery-1 is-layout-flex wp-block-gallery-is-layout-flex\">\n<figure class=\"wp-block-image size-full is-style-rounded\"><img loading=\"lazy\" decoding=\"async\" width=\"897\" height=\"1414\" data-id=\"439\" src=\"https:\/\/christiane-seebach.de\/wp-content\/uploads\/2023\/11\/anbothar4.jpg\" alt=\"An bothar mit GastmusikerInnen.\" class=\"wp-image-439\" srcset=\"https:\/\/christiane-seebach.de\/wp-content\/uploads\/2023\/11\/anbothar4.jpg 897w, https:\/\/christiane-seebach.de\/wp-content\/uploads\/2023\/11\/anbothar4-190x300.jpg 190w, https:\/\/christiane-seebach.de\/wp-content\/uploads\/2023\/11\/anbothar4-650x1024.jpg 650w, https:\/\/christiane-seebach.de\/wp-content\/uploads\/2023\/11\/anbothar4-768x1211.jpg 768w, https:\/\/christiane-seebach.de\/wp-content\/uploads\/2023\/11\/anbothar4-685x1080.jpg 685w\" sizes=\"auto, (max-width: 897px) 100vw, 897px\" \/><figcaption class=\"wp-element-caption\"><strong>Reinhard, Stoni, Christiane, Siglinde beim Stadtfest in Wernigerode.<\/strong><\/figcaption><\/figure>\n<\/figure>\n\n\n\n<figure class=\"wp-block-embed is-type-video is-provider-youtube wp-block-embed-youtube wp-embed-aspect-16-9 wp-has-aspect-ratio\"><div class=\"wp-block-embed__wrapper\">\n<div class='embed-container'><iframe loading=\"lazy\" title=\"an bothar: Blond Is The Colour - Stay home-Version\" width=\"1920\" height=\"1080\" src=\"https:\/\/www.youtube.com\/embed\/DTcrqzpPBHc?feature=oembed\" frameborder=\"0\" allow=\"accelerometer; autoplay; clipboard-write; encrypted-media; gyroscope; picture-in-picture; web-share\" allowfullscreen><\/iframe><\/div>\n<\/div><figcaption class=\"wp-element-caption\"><strong>Unsere Corona-Stay-Home-Version von &#8222;Black Is The Colour&#8220; bzw. Stoni singt &#8222;Blond Is The Colour (of my true loves hair&#8230;&#8220;).<\/strong><\/figcaption><\/figure>\n\n\n\n<figure class=\"wp-block-embed is-type-video is-provider-youtube wp-block-embed-youtube wp-embed-aspect-16-9 wp-has-aspect-ratio\"><div class=\"wp-block-embed__wrapper\">\n<div class='embed-container'><iframe loading=\"lazy\" title=\"an bothar &quot;The Rocky Road To Dublin&quot;\" width=\"1920\" height=\"1080\" src=\"https:\/\/www.youtube.com\/embed\/YITq6e0wYe8?feature=oembed\" frameborder=\"0\" allow=\"accelerometer; autoplay; clipboard-write; encrypted-media; gyroscope; picture-in-picture; web-share\" allowfullscreen><\/iframe><\/div>\n<\/div><figcaption class=\"wp-element-caption\"><strong>&#8222;The Rocky Road To Dublin&#8220; in  Buchholz mit Siglinde, Stoni, Kantina, Christiane.<\/strong><\/figcaption><\/figure>\n\n\n\n<figure class=\"wp-block-embed is-type-video is-provider-youtube wp-block-embed-youtube wp-embed-aspect-16-9 wp-has-aspect-ratio\"><div class=\"wp-block-embed__wrapper\">\n<div class='embed-container'><iframe loading=\"lazy\" title=\"Holz-Stein-Christall &quot;Sleeping Maggie&quot; (Irish Folk)\" width=\"1920\" height=\"1080\" src=\"https:\/\/www.youtube.com\/embed\/LHJVs-MrMeE?feature=oembed\" frameborder=\"0\" allow=\"accelerometer; autoplay; clipboard-write; encrypted-media; gyroscope; picture-in-picture; web-share\" allowfullscreen><\/iframe><\/div>\n<\/div><figcaption class=\"wp-element-caption\"><strong>Holz-Stein-Christall wird zu an bothar und spielt: &#8222;Sleeping Maggie&#8220;.<\/strong><\/figcaption><\/figure>\n\n\n\n<figure class=\"wp-block-embed is-type-video is-provider-youtube wp-block-embed-youtube wp-embed-aspect-16-9 wp-has-aspect-ratio\"><div class=\"wp-block-embed__wrapper\">\n<div class='embed-container'><iframe loading=\"lazy\" title=\"an bothar &quot;Stonis Reel&quot;\" width=\"1920\" height=\"1080\" src=\"https:\/\/www.youtube.com\/embed\/M0GPqiSyfu0?feature=oembed\" frameborder=\"0\" allow=\"accelerometer; autoplay; clipboard-write; encrypted-media; gyroscope; picture-in-picture; web-share\" allowfullscreen><\/iframe><\/div>\n<\/div><figcaption class=\"wp-element-caption\"><strong>Ein wunderbarer Reel, komponiert von Stoni.<\/strong><\/figcaption><\/figure>\n","protected":false},"excerpt":{"rendered":"<p>Als ich vor einigen Jahren einen Gastauftritt im &#8222;Katze und Commander&#8220; in Hamburg mit dem Saxophon hatte, sprach mich die Besitzerin an, ob ich eine Irish Folk-Band kennen w\u00fcrde f\u00fcr den St. Patricks-Day. Da dachte ich mir, gr\u00fcnden wir doch selbst eine. In Irland habe ich Bodhran und LowWhistle geschenkt bekommen. In Dingle, meinem &#8222;Seelenort&#8220;&hellip; <br \/> <a class=\"read-more\" href=\"https:\/\/christiane-seebach.de\/?page_id=124\">Weiterlesen<\/a><\/p>\n","protected":false},"author":1,"featured_media":428,"parent":120,"menu_order":1,"comment_status":"closed","ping_status":"closed","template":"","meta":{"footnotes":""},"class_list":["post-124","page","type-page","status-publish","has-post-thumbnail","hentry"],"_links":{"self":[{"href":"https:\/\/christiane-seebach.de\/index.php?rest_route=\/wp\/v2\/pages\/124","targetHints":{"allow":["GET"]}}],"collection":[{"href":"https:\/\/christiane-seebach.de\/index.php?rest_route=\/wp\/v2\/pages"}],"about":[{"href":"https:\/\/christiane-seebach.de\/index.php?rest_route=\/wp\/v2\/types\/page"}],"author":[{"embeddable":true,"href":"https:\/\/christiane-seebach.de\/index.php?rest_route=\/wp\/v2\/users\/1"}],"replies":[{"embeddable":true,"href":"https:\/\/christiane-seebach.de\/index.php?rest_route=%2Fwp%2Fv2%2Fcomments&post=124"}],"version-history":[{"count":9,"href":"https:\/\/christiane-seebach.de\/index.php?rest_route=\/wp\/v2\/pages\/124\/revisions"}],"predecessor-version":[{"id":466,"href":"https:\/\/christiane-seebach.de\/index.php?rest_route=\/wp\/v2\/pages\/124\/revisions\/466"}],"up":[{"embeddable":true,"href":"https:\/\/christiane-seebach.de\/index.php?rest_route=\/wp\/v2\/pages\/120"}],"wp:featuredmedia":[{"embeddable":true,"href":"https:\/\/christiane-seebach.de\/index.php?rest_route=\/wp\/v2\/media\/428"}],"wp:attachment":[{"href":"https:\/\/christiane-seebach.de\/index.php?rest_route=%2Fwp%2Fv2%2Fmedia&parent=124"}],"curies":[{"name":"wp","href":"https:\/\/api.w.org\/{rel}","templated":true}]}}